{"id":2667,"date":"2018-05-03T15:55:55","date_gmt":"2018-05-03T18:55:55","guid":{"rendered":"http:\/\/pensamentoextemporaneo.com.br\/?page_id=2667"},"modified":"2021-08-17T10:57:30","modified_gmt":"2021-08-17T13:57:30","slug":"normas-de-publicacao","status":"publish","type":"page","link":"https:\/\/pensamentoextemporaneo.com.br\/?page_id=2667","title":{"rendered":"NORMAS DE PUBLICA\u00c7\u00c3O"},"content":{"rendered":"<p style=\"text-align: justify;\">As submiss\u00f5es de textos ao site \u201cPensamento Extempor\u00e2neo\u201d est\u00e3o em estrita rela\u00e7\u00e3o com o curso de Filosofia da Faculdade Dom Luciano Mendes. Dessa maneira, elas est\u00e3o expressamente condicionadas \u00e0 sugest\u00e3o de publica\u00e7\u00e3o por parte dos professores respons\u00e1veis pelas disciplinas do referido curso.<\/p>\n<p style=\"text-align: justify;\">Portanto, a aceita\u00e7\u00e3o das submiss\u00f5es est\u00e1 condicionada ao preenchimento da tabela que segue no link abaixo da seguinte maneira:<\/p>\n<ol style=\"text-align: justify;\">\n<li>Indica\u00e7\u00e3o da disciplina;<\/li>\n<li>Indica\u00e7\u00e3o do professor respons\u00e1vel pela disciplina;<\/li>\n<li>Preenchimento do t\u00edtulo;<\/li>\n<li>Preenchimento do resumo;<\/li>\n<li>Preenchimento das palavras-chave;<\/li>\n<li>Assinatura do aluno;<\/li>\n<li>Assinatura do professor respons\u00e1vel pela disciplina a partir da qual se atesta a indica\u00e7\u00e3o de publica\u00e7\u00e3o.<\/li>\n<\/ol>\n<p style=\"text-align: justify;\">Com estes dados preenchidos, o aluno dever\u00e1 submeter ao endere\u00e7o de e-mail do Site \u201cPensamento Extempor\u00e2neo\u201d (<a href=\"mailto:contato@pensamentoextemporaneo.com.br\">contato@pensamentoextemporaneo.com.br<\/a>) o seu texto (ser\u00e3o aceitos os formatos doc. e docx.) e, de forma concomitante, entregar aos estagi\u00e1rios do Site, os alunos Ant\u00f4nio Ferreira e Pedro Martins, o formul\u00e1rio preenchido.<\/p>\n<p style=\"text-align: justify;\">Aos estagi\u00e1rios caber\u00e1 a atualiza\u00e7\u00e3o do site (postagem de artigos, modera\u00e7\u00e3o de coment\u00e1rios, resposta aos e-mails) e a complementa\u00e7\u00e3o do formul\u00e1rio segundo os itens restantes: i) data de publica\u00e7\u00e3o; ii) endere\u00e7o do artigo.<\/p>\n<p style=\"text-align: justify;\">Para efeitos de comprova\u00e7\u00e3o das informa\u00e7\u00f5es necess\u00e1rias \u00e0 publica\u00e7\u00e3o, o formul\u00e1rio ser\u00e1 mantido junto \u00e0 coordena\u00e7\u00e3o do projeto \u201cPensamento Extempor\u00e2neo\u201d que, conforme se afirmou acima, nesse momento se encontra com o Prof. Maur\u00edcio Reis.<\/p>\n<p style=\"text-align: justify;\">Eventuais d\u00favidas acerca do procedimento podem ser dirimidas mediante e-mail de contato exposto anteriormente ou em conversa pessoal com os respons\u00e1veis pelo site.<\/p>\n<p style=\"text-align: justify;\"><a href=\"http:\/\/pensamentoextemporaneo.com.br\/wp-content\/uploads\/2018\/05\/Certificado-de-indica\u00e7\u00e3o-e-publica\u00e7\u00e3o-de-artigo-Extempor\u00e2neo.pdf\">Certificado de indica\u00e7\u00e3o e publica\u00e7\u00e3o de artigo Extempor\u00e2neo<\/a><\/p>\n","protected":false},"excerpt":{"rendered":"<p>As submiss\u00f5es de textos ao site \u201cPensamento Extempor\u00e2neo\u201d est\u00e3o em estrita rela\u00e7\u00e3o com o curso de Filosofia da Faculdade Dom Luciano Mendes. Dessa maneira, elas est\u00e3o expressamente condicionadas \u00e0 sugest\u00e3o de publica\u00e7\u00e3o por parte dos professores respons\u00e1veis pelas disciplinas do referido curso. Portanto, a aceita\u00e7\u00e3o das submiss\u00f5es est\u00e1 condicionada ao preenchimento da tabela que segue &hellip; <\/p>\n","protected":false},"author":1,"featured_media":0,"parent":0,"menu_order":0,"comment_status":"closed","ping_status":"open","template":"","meta":{"_mi_skip_tracking":false,"footnotes":""},"class_list":["entry","page","publish","author-admin","post-2667"],"_links":{"self":[{"href":"https:\/\/pensamentoextemporaneo.com.br\/index.php?rest_route=\/wp\/v2\/pages\/2667","targetHints":{"allow":["GET"]}}],"collection":[{"href":"https:\/\/pensamentoextemporaneo.com.br\/index.php?rest_route=\/wp\/v2\/pages"}],"about":[{"href":"https:\/\/pensamentoextemporaneo.com.br\/index.php?rest_route=\/wp\/v2\/types\/page"}],"author":[{"embeddable":true,"href":"https:\/\/pensamentoextemporaneo.com.br\/index.php?rest_route=\/wp\/v2\/users\/1"}],"replies":[{"embeddable":true,"href":"https:\/\/pensamentoextemporaneo.com.br\/index.php?rest_route=%2Fwp%2Fv2%2Fcomments&post=2667"}],"version-history":[{"count":4,"href":"https:\/\/pensamentoextemporaneo.com.br\/index.php?rest_route=\/wp\/v2\/pages\/2667\/revisions"}],"predecessor-version":[{"id":2771,"href":"https:\/\/pensamentoextemporaneo.com.br\/index.php?rest_route=\/wp\/v2\/pages\/2667\/revisions\/2771"}],"wp:attachment":[{"href":"https:\/\/pensamentoextemporaneo.com.br\/index.php?rest_route=%2Fwp%2Fv2%2Fmedia&parent=2667"}],"curies":[{"name":"wp","href":"https:\/\/api.w.org\/{rel}","templated":true}]}}